{"id":6372,"date":"2018-12-03T06:39:14","date_gmt":"2018-12-03T16:39:14","guid":{"rendered":"http:\/\/www.collegedehitiaa.ama.pf\/?page_id=6372"},"modified":"2018-12-03T06:39:14","modified_gmt":"2018-12-03T16:39:14","slug":"sortie-au-musee-des-iles-53-2018","status":"publish","type":"page","link":"http:\/\/www.collegedehitiaa.ama.pf\/index.php\/enseignements\/francais\/projets\/sortie-au-musee-des-iles-53-2018\/","title":{"rendered":"Sortie au mus\u00e9e des \u00eeles 5\u00b03 &#8211; 2018"},"content":{"rendered":"<p align=\"justify\"><span style=\"font-family: Arial, sans-serif;\">Le jeudi 13 septembre 2018 la classe de 5\u00e8me3 a fait une sortie au mus\u00e9e des \u00eeles avec mesdames Fevrier et Chabrier,en truck et on a fait un pique nique. <\/span><\/p>\n<p align=\"justify\"><span style=\"font-family: Arial, sans-serif;\">C&rsquo;est l&rsquo;association Tamarii Pointe des P\u00eacheurs qui nous a accueillis. Il y avait madame Tilda sur l&rsquo;observation des c\u00e9tac\u00e9s et monsieur Guillaume sur le corail , on a fait deux groupes. Ensuite on nous a expliqu\u00e9 que si on voit une baleine en doit rester en bateau \u00e0 100 m plus loin et si c&rsquo;est un plongeur il doit rester \u00e0 30 m plus loin. <\/span><\/p>\n<p align=\"justify\"><span style=\"font-family: Arial, sans-serif;\">Les c\u00e9tac\u00e9s ce sont des mammif\u00e8res marins. On a appris que quand le dauphin est malade il est chass\u00e9 du groupe. Le dauphin le plus commun est le dauphin a long bec. Les c\u00e9tac\u00e9s ont des poumons,ils allaitent leurs petits, ils doivent aussi remonter \u00e0 la surface pour respirer. Il y a des c\u00e9tac\u00e9s qui ont des dents (les odontic\u00e8tes) et \u00e0 fanons (les mistic\u00e8tes).La baleine bleue mesure 30 m. On a appris qu&rsquo;il y a des cachalots en Polyn\u00e9sie. On a observ\u00e9 les baleines avec des jumelles on nous a montr\u00e9 une fiche qui parle de plusieurs races de c\u00e9tac\u00e9s ,les mammif\u00e8res marins. Et dans le groupe du corail on a dit que le plus grand corail est en Australie\u00a0: La grande barri\u00e8re. Apr\u00e8s on a expliqu\u00e9 quand les grosses vagues cassent le corail, elles font le sable. Le corail pousse d&rsquo;un centim\u00e8tre par an. <\/span><\/p>\n<p align=\"justify\"><span style=\"font-family: Arial, sans-serif;\">Et on a parl\u00e9 du Taramea, c&rsquo;est l&rsquo;\u00e9toile de mer qui mange le corail. Seule la tortue la mange. On a parl\u00e9 plusieurs fois du corail. On peut le replanter dans la mer et il nous a montr\u00e9 une grande bo\u00eete de corail.<\/span><\/p>\n<p align=\"justify\">Auteur : Herearii GERLING<\/p>\n","protected":false},"excerpt":{"rendered":"<p>Le jeudi 13 septembre 2018 la classe de 5\u00e8me3 a fait une sortie au mus\u00e9e des \u00eeles avec mesdames Fevrier &hellip; <\/p>\n","protected":false},"author":1,"featured_media":0,"parent":5887,"menu_order":0,"comment_status":"closed","ping_status":"closed","template":"","meta":{"_acf_changed":false,"footnotes":""},"class_list":["post-6372","page","type-page","status-publish","hentry"],"acf":[],"_links":{"self":[{"href":"http:\/\/www.collegedehitiaa.ama.pf\/index.php\/wp-json\/wp\/v2\/pages\/6372","targetHints":{"allow":["GET"]}}],"collection":[{"href":"http:\/\/www.collegedehitiaa.ama.pf\/index.php\/wp-json\/wp\/v2\/pages"}],"about":[{"href":"http:\/\/www.collegedehitiaa.ama.pf\/index.php\/wp-json\/wp\/v2\/types\/page"}],"author":[{"embeddable":true,"href":"http:\/\/www.collegedehitiaa.ama.pf\/index.php\/wp-json\/wp\/v2\/users\/1"}],"replies":[{"embeddable":true,"href":"http:\/\/www.collegedehitiaa.ama.pf\/index.php\/wp-json\/wp\/v2\/comments?post=6372"}],"version-history":[{"count":1,"href":"http:\/\/www.collegedehitiaa.ama.pf\/index.php\/wp-json\/wp\/v2\/pages\/6372\/revisions"}],"predecessor-version":[{"id":6373,"href":"http:\/\/www.collegedehitiaa.ama.pf\/index.php\/wp-json\/wp\/v2\/pages\/6372\/revisions\/6373"}],"up":[{"embeddable":true,"href":"http:\/\/www.collegedehitiaa.ama.pf\/index.php\/wp-json\/wp\/v2\/pages\/5887"}],"wp:attachment":[{"href":"http:\/\/www.collegedehitiaa.ama.pf\/index.php\/wp-json\/wp\/v2\/media?parent=6372"}],"curies":[{"name":"wp","href":"https:\/\/api.w.org\/{rel}","templated":true}]}}